b be o(-8). Suppose 2*v + 10 = 0, -2*v = -2*g + b + 12. Is g a composite number?
True
Suppose -5*z + 170168 + 1017698 = 4*y, 4*z - 950288 = -2*y. Suppose -16*p = 14*p - z. Is p a composite number?
False
Suppose 2*p = -2*p - 5*l - 12, -2*p + 4*l = -20. Suppose -p*u + 3*u = 8859. Is u composite?
True
Suppose -j + 56845 = -4*w + 2*w, 0 = -j + 3*w + 56849. Is j prime?
False
Let o(g) = 8*g**2 - 3*g - 11. Suppose 3*b + j = -4 + 15, j = 5*b - 5. Suppose -b*t + 30 = 3*t. Is o(t) a composite number?
True
Suppose -4*k = -4*x + 20 + 8, 0 = -2*x - 4*k - 16. Let p = 12193 - 7160. Suppose -w = -5*z + 2*w + p, -4*z = x*w - 4044. Is z prime?
True
Let n(k) = 30452*k - 2277. Is n(4) a composite number?
True
Let n(i) = -22 + 5841*i - 3 - 11 - 4. Is n(3) a composite number?
False
Let k be (8 + 88496 - -5) + 2. Suppose 0 = 21*l - k - 50068. Is l a composite number?
False
Suppose 528840 = 2*d + 98750 - 1716504. Is d composite?
False
Let b = 93403 + -28694. Is b prime?
True
Suppose -2*a + 44 = -b, -a + 280 = -4*b + 76. Let d = 54 + b. Suppose -4466 = -5*z + w, 4*z - 8*z + d*w = -3574. Is z a prime number?
False
Suppose 0 = -3*h - 5*y + 12946, -1224*h + 4*y + 17272 = -1220*h. Is h a composite number?
True
Let f(l) = -1582*l + 123. Let o(p) = -4744*p + 369. Let k(g) = 7*f(g) - 2*o(g). Is k(-5) composite?
False
Let s(k) = 1 - 18*k**2 - 2 - 73*k**2 - 3*k + 2*k. Let j be s(1). Let b = j - -146. Is b a composite number?
False
Let b be ((-2)/4)/((-9)/(-18198)). Let k = b - -3548. Is k a composite number?
True
Suppose -3*m + 2490 + 13123 = 5*z, 5*z + 5*m - 15615 = 0. Suppose -4*r - 3707 = -4*w + 2593, 0 = -2*w - 5*r + z. Is w prime?
True
Let z(o) = 3*o**3 - 5*o**2 + 10*o - 10. Let a(x) = -3*x**3 + 5*x**2 - 9*x + 9. Let v(t) = -5*a(t) - 4*z(t). Is v(4) prime?
True
Let k(t) = -749*t - 5. Let c(b) = -749*b - 7. Let z(h) = -4*c(h) + 5*k(h). Is z(-2) composite?
True
Let n(m) = -m - 14. Let z be n(-13). Let o be 5*(666 - (-1 - 2 - z)). Suppose 4 = -4*s, 5*u + s = -4*s + o. Is u prime?
False
Is ((-99098455)/1618)/(5/(-2)) prime?
True
Is 1*8 - (12 + -17 + -19626) a prime number?
False
Let q = 503663 + -79809. Is q a prime number?
False
Suppose 2 = -3*j - 7. Let q = 2243 + -2239. Is (q + j)/(5/8545) a prime number?
True
Let y be -1402*6/9*(-15)/4. Suppose 0 = 2*q - 1447 - 3009. Let f = y - q. Is f composite?
False
Suppose -6354 = u + 7879. Let l = -5300 - u. Is l composite?
False
Suppose 5*w = -5*n + 118625, -w + 33507 = 3*n + 9770. Is w prime?
True
Suppose -1082 = -6*r + 2*v + 1000, r - 336 = 4*v. Let x = -41 + 172. Let o = r - x. Is o prime?
False
Let x = 43724 - 18525. Is x prime?
False
Let b(g) = -267*g**3 - 3*g**2 + 11*g - 19. Let t(u) = -134*u**3 - u**2 + 6*u - 10. Let r(i) = -3*b(i) + 5*t(i). Is r(3) a composite number?
False
Suppose 9*k + 18 = 15*k. Suppose -9317 = -k*g + 2*s + 4330, 2*g - 9106 = 4*s. Is g composite?
False
Let y = 598 + -572. Suppose -332970 - 19408 = -y*a. Is a composite?
False
Is (-27)/(-33)*95882347/249 a prime number?
False
Suppose -225417 - 39082 = -19*g. Is g a prime number?
True
Let l(p) = 222*p - 169. Let g = -219 - -229. Is l(g) prime?
False
Let a = 83 + -109. Let i be (4/(-6))/(a/41691). Let l = i - 8. Is l composite?
False
Let h be 2/(-7) - (6688770/(-70))/(-11). Let n = h - -12990. Is n a prime number?
False
Suppose -q - s = -3957, -4*q + s = 1053 - 16896. Suppose -p = -626 - q. Is p prime?
False
Suppose -2325796 = 353*x - 710*x + 353*x. Is x a composite number?
True
Suppose 5*w = -0*w + w. Is 6803/(-2)*(-2)/(w - -1) a composite number?
False
Let a be (-4)/(-10) - 365551/(-85). Suppose -4*y + 4*x + a = -y, -5*y + 2*x = -7173. Suppose -5*p - 3*n = -3279 - y, n - 4708 = -5*p. Is p prime?
True
Suppose 63997 = 2*i - 2*q - 65025, -4*q = 2*i - 129022. Is i prime?
False
Suppose -4*h + 3*x + 305153 = 0, -54*h + 51*h + 3*x = -228870. Is h a prime number?
True
Suppose 14 + 10 = 4*a. Suppose -a*k + 3450 + 11232 = 0. Is k composite?
False
Suppose 2*y - y + 83 = 0. Let g = y - -179. Let n = 111 - g. Is n composite?
True
Let y(f) = f**2 - 6*f + 8. Let b be y(5). Suppose 24 = 2*g + 4*z, g + 0*z - b*z = -3. Suppose 617 + 3169 = g*w. Is w a prime number?
True
Let p(n) be the third derivative of -721*n**4/12 - n**3/2 - n**2. Let i be -5 + 1 - 0 - 123/(-41). Is p(i) a composite number?
False
Let v(l) = 505*l**2 - 801*l - 25. Is v(9) a composite number?
True
Suppose 6 = -4*m - 6. Let p be m/9 - 2586/(-9). Suppose 5*r - 437 = 2*h, 3*r + 3*h - p = -2*h. Is r prime?
True
Is ((-2)/6)/(-22 + (-1923741361)/(-87442791)) a prime number?
True
Suppose 24165 = 125*i - 20144960. Is i composite?
True
Suppose 3*g = -g - 5720. Suppose -2194*i + 2175*i + 39159 = 0. Let u = i + g. Is u prime?
True
Suppose 678531 = 1811*v - 1835*v + 3142347. Is v a composite number?
True
Suppose -5*a - s + 3*s + 330 = 0, -25 = -5*s. Is 1 + (-3)/(3/(-2)) + a a composite number?
False
Let f = -144127 - -205244. Is f composite?
True
Let k(x) be the second derivative of -3*x - 47/6*x**3 + 19/2*x**2 + 0. Is k(-5) prime?
False
Suppose -2*g + 23432 = 5*d, -2*g + 4 = 2. Let z be 188/28 + (-8)/(-28). Suppose -w = -z*w + d. Is w prime?
False
Is 14/35 + (-327046)/(-10) + 2 prime?
True
Suppose -5*a - 5*j = -j - 18, 0 = -4*a + 5*j - 2. Suppose -a*o = -3315 - 379. Is o a prime number?
True
Let b(p) = -2*p**2 + p + 2. Let r be b(2). Let o = -10006 + 10015. Is 4/6 - ((-1425)/o + r) a prime number?
True
Let v(y) = 80024*y**2 - 18*y + 51. Is v(2) composite?
True
Let i(m) = -191*m**3 - m**2 - 5*m + 11. Suppose -78*g + 8 = -80*g. Is i(g) a prime number?
True
Let b(r) = r**3 + 27*r**2 + 26*r + 8. Let s be b(-26). Suppose 2*l = 11*l + s*l. Suppose f = 3 - l, -d + 3*f = -282. Is d composite?
True
Let g(r) = -r**2 - 16*r - 14. Suppose 28 = -9*x + 7*x. Let w be g(x). Is 14/(-49) + (2 - (-6934)/w) composite?
True
Let q be -114 + 113 - (-2)/(3 - 1). Suppose q*k - 5*l = -4*k + 29709, k - 7446 = -5*l. Is k a prime number?
False
Suppose 23 = 3*d - 4*n - 0*n, -n = -4*d + 35. Let h be (-68)/(-12) + 3/d. Suppose 311 = h*j - 5131. Is j prime?
True
Suppose -178970 = 5*p + 3*u - 1951038, -p = 4*u - 354417. Is p a composite number?
True
Let x = 146 - 38. Let r = x - 106. Suppose -4*y - 5*o = -r*y - 626, -8 = 2*o. Is y a prime number?
False
Let k = 4705 - 4699. Let q(u) be the third derivative of 7*u**5/60 - u**4/24 - 11*u**3/6 + u**2. Is q(k) prime?
False
Let b = -10690 - -29237. Is b a composite number?
True
Suppose 0 = 4*i + 4*s - 280, -i - 2*s + 3*s + 76 = 0. Let u = i + -75. Is 176 + 2*u*4/(-8) a prime number?
False
Suppose -2*w + 4*y + 14 = -20, -5*y - 11 = w. Let r be 2/(3/w*2). Suppose -2*j = 2*g + r*j - 3304, 3*g = -4*j + 4963. Is g composite?
False
Suppose -40 = -15*y + 95. Suppose -8254 = -y*p + 3077. Is p a composite number?
False
Suppose 82347 + 125833 = 20*q. Is q a composite number?
True
Let s be ((-80)/(-24))/((-4)/(-6)). Suppose -4*a + d = -2072, -a + s*a = -d + 2072. Suppose -5*z + 4017 + a = 0. Is z prime?
True
Suppose -247*k = 153*k + 49988 - 462388. Is k composite?
False
Suppose -j + 1318*p + 4054 = 1323*p, -4*p + 4 = 0. Is j prime?
True
Suppose -y + 9510 = 4*r - 3*y, 2*y = 2*r - 4754. Let p = 3398 - r. Suppose -3*n - p - 952 = -4*k, 3*n = 0. Is k a composite number?
True
Let o(c) = 5189*c**2 - 191*c - 11. Is o(9) composite?
True
Let t(x) = -17*x**2 - 2*x. Let u be t(2). Let k be (u/(-32))/(6/32). Is 5034/5 - k/(-60) a composite number?
True
Let b(c) be the third derivative of c**5/20 - 2*c**4/3 - 3*c**3 + 2*c**2. Let j be b(16). Is ((-34)/4)/((-13)/j) composite?
True
Suppose -3*b - 5*v + 16476 = -8*v, -2*v = 7*b - 38489. Is b prime?
False
Let i = 142 - 138. Is (-48)/72*(-24054)/i composite?
True
Let a(s) = -s + 16. Let m be a(-4). Is 12252/m + -6*4/(-60) composite?
False
Let n = -227766 - -495857. Is n prime?
True
Let m = 340 + 314. Let v = m + 247. Is v a prime number?
False
Suppose -3*s + 376316 = 3*c + 48830, 5*s - 545880 = 5*c. Is s a composite number?
False
Suppose f - 15 = 4*d, 3*f = -d + 9 - 3. Suppose -4*y - 2902 = -5*u + f*u, 5*u - 7180 = -5*y. Is u composite?
True
Let r = 553 - 410. Suppose 3*h + 82 = -a, 5*a - 5*h + 20 + 470 = 0. Let p = r + a. Is p a prime number?
False
Suppose -3*t + 3*s = -48, 58 = 13*t - 10*t + 2*s. Is ((-2)/t*-1077)/(1/6) a prime number?
False
Suppose -6*z + 7*z + 745 = 0. Let y